f 217370931?
3
What is the thousands digit of 1986225616?
5
What is the units digit of 1012377747?
7
What is the ten thousands digit of 449444980?
4
What is the hundred thousands digit of 105293294?
2
What is the ten millions digit of 982601130?
8
What is the thousands digit of 709783175?
3
What is the hundred millions digit of 233945118?
2
What is the ten thousands digit of 112191539?
9
What is the ten thousands digit of 143350678?
5
What is the ten millions digit of 80792412?
8
What is the thousands digit of 94995290?
5
What is the ten millions digit of 90069712?
9
What is the hundred thousands digit of 840816679?
8
What is the ten millions digit of 840674016?
4
What is the tens digit of 97900543?
4
What is the ten millions digit of 26281106?
2
What is the tens digit of 115956760?
6
What is the millions digit of 208052590?
8
What is the hundreds digit of 891951287?
2
What is the units digit of 173086999?
9
What is the millions digit of 397488438?
7
What is the tens digit of 77371655?
5
What is the thousands digit of 183568180?
8
What is the millions digit of 91282608?
1
What is the thousands digit of 150237107?
7
What is the hundred thousands digit of 7479930?
4
What is the hundreds digit of 224683536?
5
What is the ten thousands digit of 1294412348?
1
What is the ten thousands digit of 69257409?
5
What is the ten millions digit of 3460342313?
6
What is the millions digit of 18914233?
8
What is the hundred thousands digit of 3448567639?
5
What is the units digit of 3427055658?
8
What is the thousands digit of 51987950?
7
What is the billions digit of 1097554183?
1
What is the hundred millions digit of 1200903901?
2
What is the billions digit of 2807072143?
2
What is the thousands digit of 448534923?
4
What is the hundred millions digit of 615832053?
6
What is the millions digit of 359120667?
9
What is the hundreds digit of 40782029?
0
What is the thousands digit of 54581133?
1
What is the ten thousands digit of 58206431?
0
What is the hundreds digit of 60520001?
0
What is the ten thousands digit of 197945237?
4
What is the hundred millions digit of 252649718?
2
What is the ten millions digit of 305864955?
0
What is the ten millions digit of 3947060185?
4
What is the ten thousands digit of 191866847?
6
What is the hundred thousands digit of 191232966?
2
What is the thousands digit of 542918502?
8
What is the tens digit of 1533918477?
7
What is the hundreds digit of 44672784?
7
What is the units digit of 369055341?
1
What is the hundreds digit of 192241891?
8
What is the ten millions digit of 87329358?
8
What is the hundreds digit of 1133932303?
3
What is the ten millions digit of 186540548?
8
What is the hundred thousands digit of 105069893?
0
What is the millions digit of 54366384?
4
What is the hundreds digit of 2186376431?
4
What is the tens digit of 145481794?
9
What is the thousands digit of 2649055789?
5
What is the units digit of 818312440?
0
What is the thousands digit of 1275052128?
2
What is the ten millions digit of 277053928?
7
What is the tens digit of 193141803?
0
What is the tens digit of 7294700?
0
What is the hundred millions digit of 525481468?
5
What is the millions digit of 373336206?
3
What is the ten thousands digit of 51555217?
5
What is the hundreds digit of 92837789?
7
What is the hundred thousands digit of 15826414?
8
What is the tens digit of 58941010?
1
What is the ten thousands digit of 124481986?
8
What is the thousands digit of 433378767?
8
What is the tens digit of 53546966?
6
What is the hundreds digit of 1401241054?
0
What is the units digit of 995863177?
7
What is the billions digit of 2041087622?
2
What is the hundred millions digit of 1339957552?
3
What is the ten thousands digit of 501621885?
2
What is the ten thousands digit of 56274241?
7
What is the hundred thousands digit of 18943148?
9
What is the hundreds digit of 491300978?
9
What is the millions digit of 578883169?
8
What is the tens digit of 3944045401?
0
What is the ten millions digit of 1789998221?
8
What is the units digit of 394069933?
3
What is the millions digit of 1920651957?
0
What is the ten thousands digit of 13179698?
7
What is the tens digit of 861569375?
7
What is the thousands digit of 84571598?
1
What is the tens digit of 973617121?
2
What is the hundreds digit of 690691532?
5
What is the hundred millions digit of 663785332?
6
What is the tens digit of 132199969?
6
What is the hundred thousands digit of 36238051?
2
What is the hundreds digit of 53840012?
0
What is the hundred thousands digit of 3414486617?
4
What is the units digit of 37571371?
1
What is the thousands digit of 25175622?
5
What is the hundred millions digit of 427407705?
4
What is the ten millions digit of 84951398?
8
What is the hundred millions digit of 598466347?
5
What is the ten thousands digit of 83174901?
7
What is the millions digit of 14072338?
4
What is the units digit of 6801612?
2
What is the tens digit of 366136745?
4
What is the hundred millions digit of 196640457?
1
What is the hundred millions digit of 176924266?
1
What is the ten thousands digit of 27184339?
8
What is the tens digit of 54285011?
1
What is the thousands digit of 680309670?
9
What is the hundred thousands digit of 16059878?
0
What is the thousands digit of 2103204065?
4
What is the thousands digit of 7745656897?
6
What is the hundred thousands digit of 414560299?
5
What is the ten thousands digit of 1879323?
7
What is the hundred millions digit of 130884933?
1
What is the hundred thousands digit of 2669560918?
5
What is the ten thousands digit of 79652745?
5
What is the ten millions digit of 15581228?
1
What is the thousands digit of 112094809?
4
What is the units digit of 1283165655?
5
What is the hundred millions digit of 302689661?
3
What is the ten millions digit of 34091839?
3
What is the units digit of 114683865?
5
What is the millions digit of 370566602?
0
What is the hundreds digit of 29373081?
0
What is the hundred millions digit of 3447514052?
4
What is the hundred thousands digit of 2957204477?
2
What is the tens digit of 35153217?
1
What is the ten millions digit of 76782609?
7
What is the tens digit of 485480150?
5
What is the units digit of 149679754?
4
What is the millions digit of 37535078?
7
What is the hundreds digit of 2294024504?
5
What is the units digit of 70579521?
1
What is the units digit of 4470764036?
6
What is the thousands digit of 1144847678?
7
What is the hundreds digit of 588100613?
6
What is the thousands digit of 71229772?
9
What is the thousands digit of 18763514?
3
What is the ten millions digit of 2213775209?
1
What is the millions digit of 240297087?
0
What is the units digit of 256788656?
6
What is the ten thousands digit of 4673915?
7
What is the hundred thousands digit of 1204675336?
6
What is the ten thousands digit of 20626480?
2
What is the ten millions digit of 6290193272?
9
What is the thousands digit of 309691245?
1
What is the units digit of 38720073?
3
What is the hundreds digit of 1060442162?
1
What is the thousands digit of 6226167519?
7
What is the ten millions digit of 119663061?
1
What is the millions digit of 372886031?
2
What is the hundred millions digit of 3360068677?
3
What is the millions digit of 385510347?
5
What is the hundred thousands digit of 309003888?
0
What is the hundred thousands digit of 1438118945?
1
What is the hundred thousands digit of 53313825?
3
What is the hundreds digit of 5141015067?
0
What is the ten thousands digit of 4329826510?
2
What is the tens digit of 912676057?
5
What is the ten millions digit of 2210846922?
1
What is the thousands digit of 470255802?
5
What is the hundred thousands digit of 49000476?
0
What is the thousands digit of 690891362?
1
What is the thousands digit of 2386547335?
7
What is the ten millions digit of 7748629709?
4
What is the tens digit of 213338082?
8
What is the units digit of 218496043?
3
What is the thousands digit of 46766684?
6
What is the tens digit of 1764154610?
1
What is the ten millions digit of 62201601?
6
What is the hundred thousands digit of 40341080?
3
What is the hundreds digit of 879226423?
4
What is the millions digit of 7586827?
7
What is the hundreds digit of 6314462174?
1
What is the millions digit of 368973531?
8
What is the thousands digit of 3